{"id":7569,"date":"2023-04-19T10:54:08","date_gmt":"2023-04-19T08:54:08","guid":{"rendered":"https:\/\/www.pravo.unizg.hr\/?page_id=7569"},"modified":"2025-07-04T10:11:47","modified_gmt":"2025-07-04T09:11:47","slug":"mobilnost-nastavnog-osoblja","status":"publish","type":"page","link":"https:\/\/www.pravo.unizg.hr\/en\/medunarodna-suradnja\/mobilnost-nastavnog-osoblja\/","title":{"rendered":"Mobilnost nastavnog osoblja"},"content":{"rendered":"<p>Prilike za usavr\u0161avanja dostupne su i nastavnom i nenastavnom osoblju visokih u\u010dili\u0161ta. \u010clanovi nastavnoga osoblja javljaju se na natje\u010daje koje raspisuje njihovo mati\u010dno visoko u\u010dili\u0161te.<\/p>\n<p>Kod aktivnosti podu\u010davanja oba u\u010dili\u0161ta moraju biti nositelji <a href=\"https:\/\/erasmus-plus.ec.europa.eu\/resources-and-tools\/erasmus-charter-for-higher-education\">Erasmus povelje u visokom obrazovanju (ECHE)<\/a> i imati potpisan <a href=\"https:\/\/erasmus-plus.ec.europa.eu\/resources-and-tools\/inter-institutional-agreement\">me\u0111uinstitucijski sporazum<\/a>. Partnersko visoko u\u010dili\u0161te\/poduze\u0107e mora dogovoriti program aktivnosti koji \u0107e poha\u0111ati gostuju\u0107i nastavnik (Sporazum o mobilnosti) prije po\u010detka razdoblja mobilnosti.<\/p>\n<p><a title=\"poveznica na: http:\/\/staffmobility.eu\/\" href=\"http:\/\/staffmobility.eu\/\">Platforma IMOTION<\/a>\u00a0slu\u017ei za objavljivanje i pretra\u017eivanje ponuda za usavr\u0161avanje osoblja, ali i doga\u0111anja kao \u0161to su\u00a0<em>staff weekovi<\/em>\u00a0unutar programa Erasmus+.<\/p>\n","protected":false},"excerpt":{"rendered":"<p>Prilike za usavr\u0161avanja dostupne su i nastavnom i nenastavnom osoblju&#8230;<\/p>\n","protected":false},"author":511,"featured_media":0,"parent":99,"menu_order":7,"comment_status":"closed","ping_status":"closed","template":"","meta":{"footnotes":""},"class_list":["post-7569","page","type-page","status-publish","hentry"],"pp_force_visibility":null,"pp_subpost_visibility":null,"pp_inherited_force_visibility":null,"pp_inherited_subpost_visibility":null,"acf":[],"yoast_head":"<!-- This site is optimized with the Yoast SEO plugin v20.1 - https:\/\/yoast.com\/wordpress\/plugins\/seo\/ -->\n<title>Mobilnost nastavnog osoblja - Faculty of law<\/title>\n<meta name=\"description\" content=\"\u010clanovi nastavnoga osoblja zainteresirani za mobilnost javljaju se na natje\u010daje koje raspisuje njihovo mati\u010dno visoko u\u010dili\u0161te.\" \/>\n<meta name=\"robots\" content=\"index, follow, max-snippet:-1, max-image-preview:large, max-video-preview:-1\" \/>\n<link rel=\"canonical\" href=\"https:\/\/www.pravo.unizg.hr\/medunarodna-suradnja\/mobilnost-nastavnog-osoblja\/\" \/>\n<meta property=\"og:locale\" content=\"en_US\" \/>\n<meta property=\"og:type\" content=\"article\" \/>\n<meta property=\"og:title\" content=\"Mobilnost nastavnog osoblja - Faculty of law\" \/>\n<meta property=\"og:description\" content=\"\u010clanovi nastavnoga osoblja zainteresirani za mobilnost javljaju se na natje\u010daje koje raspisuje njihovo mati\u010dno visoko u\u010dili\u0161te.\" \/>\n<meta property=\"og:url\" content=\"https:\/\/www.pravo.unizg.hr\/medunarodna-suradnja\/mobilnost-nastavnog-osoblja\/\" \/>\n<meta property=\"og:site_name\" content=\"Faculty of law\" \/>\n<meta property=\"article:modified_time\" content=\"2025-07-04T09:11:47+00:00\" \/>\n<meta name=\"twitter:card\" content=\"summary_large_image\" \/>\n<meta name=\"twitter:label1\" content=\"Est. reading time\" \/>\n\t<meta name=\"twitter:data1\" content=\"1 minute\" \/>\n<script type=\"application\/ld+json\" class=\"yoast-schema-graph\">{\"@context\":\"https:\/\/schema.org\",\"@graph\":[{\"@type\":\"WebPage\",\"@id\":\"https:\/\/www.pravo.unizg.hr\/medunarodna-suradnja\/mobilnost-nastavnog-osoblja\/\",\"url\":\"https:\/\/www.pravo.unizg.hr\/medunarodna-suradnja\/mobilnost-nastavnog-osoblja\/\",\"name\":\"Mobilnost nastavnog osoblja - Faculty of law\",\"isPartOf\":{\"@id\":\"https:\/\/www.pravo.unizg.hr\/#website\"},\"datePublished\":\"2023-04-19T08:54:08+00:00\",\"dateModified\":\"2025-07-04T09:11:47+00:00\",\"description\":\"\u010clanovi nastavnoga osoblja zainteresirani za mobilnost javljaju se na natje\u010daje koje raspisuje njihovo mati\u010dno visoko u\u010dili\u0161te.\",\"breadcrumb\":{\"@id\":\"https:\/\/www.pravo.unizg.hr\/medunarodna-suradnja\/mobilnost-nastavnog-osoblja\/#breadcrumb\"},\"inLanguage\":\"en-US\",\"potentialAction\":[{\"@type\":\"ReadAction\",\"target\":[\"https:\/\/www.pravo.unizg.hr\/medunarodna-suradnja\/mobilnost-nastavnog-osoblja\/\"]}]},{\"@type\":\"BreadcrumbList\",\"@id\":\"https:\/\/www.pravo.unizg.hr\/medunarodna-suradnja\/mobilnost-nastavnog-osoblja\/#breadcrumb\",\"itemListElement\":[{\"@type\":\"ListItem\",\"position\":1,\"name\":\"Homepage\",\"item\":\"https:\/\/www.pravo.unizg.hr\/en\/\"},{\"@type\":\"ListItem\",\"position\":2,\"name\":\"Me\u0111unarodna suradnja\",\"item\":\"https:\/\/www.pravo.unizg.hr\/medunarodna-suradnja\/\"},{\"@type\":\"ListItem\",\"position\":3,\"name\":\"Mobilnost nastavnog osoblja\"}]},{\"@type\":\"WebSite\",\"@id\":\"https:\/\/www.pravo.unizg.hr\/#website\",\"url\":\"https:\/\/www.pravo.unizg.hr\/\",\"name\":\"Faculty of law\",\"description\":\"\",\"potentialAction\":[{\"@type\":\"SearchAction\",\"target\":{\"@type\":\"EntryPoint\",\"urlTemplate\":\"https:\/\/www.pravo.unizg.hr\/?s={search_term_string}\"},\"query-input\":\"required name=search_term_string\"}],\"inLanguage\":\"en-US\"}]}<\/script>\n<!-- \/ Yoast SEO plugin. -->","yoast_head_json":{"title":"Mobilnost nastavnog osoblja - Faculty of law","description":"\u010clanovi nastavnoga osoblja zainteresirani za mobilnost javljaju se na natje\u010daje koje raspisuje njihovo mati\u010dno visoko u\u010dili\u0161te.","robots":{"index":"index","follow":"follow","max-snippet":"max-snippet:-1","max-image-preview":"max-image-preview:large","max-video-preview":"max-video-preview:-1"},"canonical":"https:\/\/www.pravo.unizg.hr\/medunarodna-suradnja\/mobilnost-nastavnog-osoblja\/","og_locale":"en_US","og_type":"article","og_title":"Mobilnost nastavnog osoblja - Faculty of law","og_description":"\u010clanovi nastavnoga osoblja zainteresirani za mobilnost javljaju se na natje\u010daje koje raspisuje njihovo mati\u010dno visoko u\u010dili\u0161te.","og_url":"https:\/\/www.pravo.unizg.hr\/medunarodna-suradnja\/mobilnost-nastavnog-osoblja\/","og_site_name":"Faculty of law","article_modified_time":"2025-07-04T09:11:47+00:00","twitter_card":"summary_large_image","twitter_misc":{"Est. reading time":"1 minute"},"schema":{"@context":"https:\/\/schema.org","@graph":[{"@type":"WebPage","@id":"https:\/\/www.pravo.unizg.hr\/medunarodna-suradnja\/mobilnost-nastavnog-osoblja\/","url":"https:\/\/www.pravo.unizg.hr\/medunarodna-suradnja\/mobilnost-nastavnog-osoblja\/","name":"Mobilnost nastavnog osoblja - Faculty of law","isPartOf":{"@id":"https:\/\/www.pravo.unizg.hr\/#website"},"datePublished":"2023-04-19T08:54:08+00:00","dateModified":"2025-07-04T09:11:47+00:00","description":"\u010clanovi nastavnoga osoblja zainteresirani za mobilnost javljaju se na natje\u010daje koje raspisuje njihovo mati\u010dno visoko u\u010dili\u0161te.","breadcrumb":{"@id":"https:\/\/www.pravo.unizg.hr\/medunarodna-suradnja\/mobilnost-nastavnog-osoblja\/#breadcrumb"},"inLanguage":"en-US","potentialAction":[{"@type":"ReadAction","target":["https:\/\/www.pravo.unizg.hr\/medunarodna-suradnja\/mobilnost-nastavnog-osoblja\/"]}]},{"@type":"BreadcrumbList","@id":"https:\/\/www.pravo.unizg.hr\/medunarodna-suradnja\/mobilnost-nastavnog-osoblja\/#breadcrumb","itemListElement":[{"@type":"ListItem","position":1,"name":"Homepage","item":"https:\/\/www.pravo.unizg.hr\/en\/"},{"@type":"ListItem","position":2,"name":"Me\u0111unarodna suradnja","item":"https:\/\/www.pravo.unizg.hr\/medunarodna-suradnja\/"},{"@type":"ListItem","position":3,"name":"Mobilnost nastavnog osoblja"}]},{"@type":"WebSite","@id":"https:\/\/www.pravo.unizg.hr\/#website","url":"https:\/\/www.pravo.unizg.hr\/","name":"Faculty of law","description":"","potentialAction":[{"@type":"SearchAction","target":{"@type":"EntryPoint","urlTemplate":"https:\/\/www.pravo.unizg.hr\/?s={search_term_string}"},"query-input":"required name=search_term_string"}],"inLanguage":"en-US"}]}},"_links":{"self":[{"href":"https:\/\/www.pravo.unizg.hr\/en\/wp-json\/wp\/v2\/pages\/7569","targetHints":{"allow":["GET"]}}],"collection":[{"href":"https:\/\/www.pravo.unizg.hr\/en\/wp-json\/wp\/v2\/pages"}],"about":[{"href":"https:\/\/www.pravo.unizg.hr\/en\/wp-json\/wp\/v2\/types\/page"}],"author":[{"embeddable":true,"href":"https:\/\/www.pravo.unizg.hr\/en\/wp-json\/wp\/v2\/users\/511"}],"replies":[{"embeddable":true,"href":"https:\/\/www.pravo.unizg.hr\/en\/wp-json\/wp\/v2\/comments?post=7569"}],"version-history":[{"count":7,"href":"https:\/\/www.pravo.unizg.hr\/en\/wp-json\/wp\/v2\/pages\/7569\/revisions"}],"predecessor-version":[{"id":27038,"href":"https:\/\/www.pravo.unizg.hr\/en\/wp-json\/wp\/v2\/pages\/7569\/revisions\/27038"}],"up":[{"embeddable":true,"href":"https:\/\/www.pravo.unizg.hr\/en\/wp-json\/wp\/v2\/pages\/99"}],"wp:attachment":[{"href":"https:\/\/www.pravo.unizg.hr\/en\/wp-json\/wp\/v2\/media?parent=7569"}],"curies":[{"name":"wp","href":"https:\/\/api.w.org\/{rel}","templated":true}]}}

<p>Prilike za usavršavanja dostupne su i nastavnom i nenastavnom osoblju visokih učilišta. Članovi nastavnoga osoblja javljaju se na natječaje koje raspisuje njihovo matično visoko učilište.</p>
<p>Kod aktivnosti podučavanja oba učilišta moraju biti nositelji <a href="https://erasmus-plus.ec.europa.eu/resources-and-tools/erasmus-charter-for-higher-education">Erasmus povelje u visokom obrazovanju (ECHE)</a> i imati potpisan <a href="https://erasmus-plus.ec.europa.eu/resources-and-tools/inter-institutional-agreement">međuinstitucijski sporazum</a>. Partnersko visoko učilište/poduzeće mora dogovoriti program aktivnosti koji će pohađati gostujući nastavnik (Sporazum o mobilnosti) prije početka razdoblja mobilnosti.</p>
<p><a title="poveznica na: http://staffmobility.eu/" href="http://staffmobility.eu/">Platforma IMOTION</a> služi za objavljivanje i pretraživanje ponuda za usavršavanje osoblja, ali i događanja kao što su <em>staff weekovi</em> unutar programa Erasmus+.</p>

<p>Prilike za usavršavanja dostupne su i nastavnom i nenastavnom osoblju&#8230;</p>

<!-- This site is optimized with the Yoast SEO plugin v20.1 - https://yoast.com/wordpress/plugins/seo/ -->
<title>Mobilnost nastavnog osoblja - Faculty of law</title>
<meta name="description" content="Članovi nastavnoga osoblja zainteresirani za mobilnost javljaju se na natječaje koje raspisuje njihovo matično visoko učilište." />
<meta name="robots" content="index, follow, max-snippet:-1, max-image-preview:large, max-video-preview:-1" />
<link rel="canonical" href="https://www.pravo.unizg.hr/medunarodna-suradnja/mobilnost-nastavnog-osoblja/" />
<meta property="og:locale" content="en_US" />
<meta property="og:type" content="article" />
<meta property="og:title" content="Mobilnost nastavnog osoblja - Faculty of law" />
<meta property="og:description" content="Članovi nastavnoga osoblja zainteresirani za mobilnost javljaju se na natječaje koje raspisuje njihovo matično visoko učilište." />
<meta property="og:url" content="https://www.pravo.unizg.hr/medunarodna-suradnja/mobilnost-nastavnog-osoblja/" />
<meta property="og:site_name" content="Faculty of law" />
<meta property="article:modified_time" content="2025-07-04T09:11:47+00:00" />
<meta name="twitter:card" content="summary_large_image" />
<meta name="twitter:label1" content="Est. reading time" />
	<meta name="twitter:data1" content="1 minute" />
<script type="application/ld+json" class="yoast-schema-graph">{"@context":"https://schema.org","@graph":[{"@type":"WebPage","@id":"https://www.pravo.unizg.hr/medunarodna-suradnja/mobilnost-nastavnog-osoblja/","url":"https://www.pravo.unizg.hr/medunarodna-suradnja/mobilnost-nastavnog-osoblja/","name":"Mobilnost nastavnog osoblja - Faculty of law","isPartOf":{"@id":"https://www.pravo.unizg.hr/#website"},"datePublished":"2023-04-19T08:54:08+00:00","dateModified":"2025-07-04T09:11:47+00:00","description":"Članovi nastavnoga osoblja zainteresirani za mobilnost javljaju se na natječaje koje raspisuje njihovo matično visoko učilište.","breadcrumb":{"@id":"https://www.pravo.unizg.hr/medunarodna-suradnja/mobilnost-nastavnog-osoblja/#breadcrumb"},"inLanguage":"en-US","potentialAction":[{"@type":"ReadAction","target":["https://www.pravo.unizg.hr/medunarodna-suradnja/mobilnost-nastavnog-osoblja/"]}]},{"@type":"BreadcrumbList","@id":"https://www.pravo.unizg.hr/medunarodna-suradnja/mobilnost-nastavnog-osoblja/#breadcrumb","itemListElement":[{"@type":"ListItem","position":1,"name":"Homepage","item":"https://www.pravo.unizg.hr/en/"},{"@type":"ListItem","position":2,"name":"Međunarodna suradnja","item":"https://www.pravo.unizg.hr/medunarodna-suradnja/"},{"@type":"ListItem","position":3,"name":"Mobilnost nastavnog osoblja"}]},{"@type":"WebSite","@id":"https://www.pravo.unizg.hr/#website","url":"https://www.pravo.unizg.hr/","name":"Faculty of law","description":"","potentialAction":[{"@type":"SearchAction","target":{"@type":"EntryPoint","urlTemplate":"https://www.pravo.unizg.hr/?s={search_term_string}"},"query-input":"required name=search_term_string"}],"inLanguage":"en-US"}]}</script>
<!-- / Yoast SEO plugin. -->

Članovi nastavnoga osoblja zainteresirani za mobilnost javljaju se na natječaje koje raspisuje njihovo matično visoko učilište.

Međunarodna suradnja
