{"id":33668,"date":"2025-10-20T10:51:49","date_gmt":"2025-10-20T09:51:49","guid":{"rendered":"https:\/\/www.pravo.unizg.hr\/projects\/institucionalni-istrazivacki-projekti\/kompras\/"},"modified":"2026-04-02T09:13:28","modified_gmt":"2026-04-02T08:13:28","slug":"kompras","status":"publish","type":"page","link":"https:\/\/www.pravo.unizg.hr\/en\/kompras","title":{"rendered":"Komunikacijska kompetencija pravnih stru\u010dnjaka u vi\u0161ejezi\u010dnom okru\u017eenju &#8211; KOMPRAS"},"content":{"rendered":"<p style=\"padding-left: 480px;\"><img loading=\"lazy\" decoding=\"async\" class=\"size-medium wp-image-28800 alignright\" src=\"https:\/\/www.pravo.unizg.hr\/wp-content\/uploads\/2025\/10\/next-generation-eu-300x72.png\" alt=\"\" width=\"300\" height=\"72\" srcset=\"https:\/\/www.pravo.unizg.hr\/wp-content\/uploads\/2025\/10\/next-generation-eu-300x72.png 300w, https:\/\/www.pravo.unizg.hr\/wp-content\/uploads\/2025\/10\/next-generation-eu-768x184.png 768w, https:\/\/www.pravo.unizg.hr\/wp-content\/uploads\/2025\/10\/next-generation-eu.png 1020w\" sizes=\"auto, (max-width: 300px) 100vw, 300px\" \/><\/p>\n<p>&nbsp;<\/p>\n<p><span style=\"color: #8b0b05;\"><span style=\"color: #000000;\">Naziv projekta<\/span><strong><br \/>\nKomunikacijska kompetencija pravnih stru\u010dnjaka u vi\u0161ejezi\u010dnom okru\u017eenju<br \/>\n<\/strong><\/span><\/p>\n<p style=\"padding-left: 40px;\">Akronim<br \/>\n<strong>KOMPRAS<\/strong><\/p>\n<p style=\"padding-left: 40px;\">Trajanje projekta<br \/>\n<strong>48 mjeseci<\/strong><\/p>\n<p style=\"padding-left: 40px;\">Voditeljica projekta<br \/>\n<strong>doc. dr. sc. Snje\u017eana Husinec<\/strong><\/p>\n<p style=\"padding-left: 40px;\">\u010clanice\/\u010dlanovi istra\u017eiva\u010dkog tima<br \/>\n<strong>doc. dr. sc Irena Horvati\u0107 Bili\u0107<br \/>\n<\/strong>Katedra za strane jezike, Pravni fakultet Sveu\u010dili\u0161ta u Zagrebu<strong><br \/>\ndr. sc. Agnes Milovan Solter<br \/>\n<\/strong>Katedra za strane jezike, Pravni fakultet Sveu\u010dili\u0161ta u Zagrebu<strong><br \/>\nizv prof. dr. sc. Marta Dragi\u010devi\u0107 Prtenja\u010da<\/strong>,<br \/>\nKatedra za k<span style=\"font-weight: 400;\">azneno pravo<\/span>, Pravni fakultet Sveu\u010dili\u0161ta u Zagrebu<br \/>\n<strong>dr. sc. Juraj Brozovi\u0107<\/strong>,<br \/>\nKatedra za g<span style=\"font-weight: 400;\">ra\u0111ansko procesno pravo<\/span>, Pravni fakultet Sveu\u010dili\u0161ta u Zagrebu<strong><br \/>\nprof. dr. sc. Jan Engberg<\/strong>,<br \/>\nSchool of Communication and Culture, Aarhus University, Danska<br \/>\n<strong>dr. sc. Oliver Winkler<\/strong>,<br \/>\nZ\u00fcrcher Schule f\u00fcr Angewandte Wissenschaften, \u0160vicarska<br \/>\n<strong>prof. dr. sc Stanislaw Gozdz Roskowski<\/strong>,<br \/>\nFilolo\u0161ki fakultet, Sveu\u010dili\u0161te u Lodzu, Poljska<br \/>\n<strong>Pavla Ribi\u0107<br \/>\nTomislava Bari\u0161i\u0107<\/strong><\/p>\n<p>&nbsp;<\/p>\n<p><strong>INTERNATIONAL NETWORK OF INSTITUTIONS IN THE KOMPRAS PROJECT<\/strong><\/p>\n<p><img loading=\"lazy\" decoding=\"async\" class=\"aligncenter size-full wp-image-33757\" src=\"https:\/\/www.pravo.unizg.hr\/wp-content\/uploads\/2026\/03\/Mreza-institucija-u-projektu-KOMPRAS-scaled.jpg\" alt=\"\" width=\"2560\" height=\"1810\" srcset=\"https:\/\/www.pravo.unizg.hr\/wp-content\/uploads\/2026\/03\/Mreza-institucija-u-projektu-KOMPRAS-scaled.jpg 2560w, https:\/\/www.pravo.unizg.hr\/wp-content\/uploads\/2026\/03\/Mreza-institucija-u-projektu-KOMPRAS-300x212.jpg 300w, https:\/\/www.pravo.unizg.hr\/wp-content\/uploads\/2026\/03\/Mreza-institucija-u-projektu-KOMPRAS-1024x724.jpg 1024w, https:\/\/www.pravo.unizg.hr\/wp-content\/uploads\/2026\/03\/Mreza-institucija-u-projektu-KOMPRAS-768x543.jpg 768w, https:\/\/www.pravo.unizg.hr\/wp-content\/uploads\/2026\/03\/Mreza-institucija-u-projektu-KOMPRAS-1536x1086.jpg 1536w, https:\/\/www.pravo.unizg.hr\/wp-content\/uploads\/2026\/03\/Mreza-institucija-u-projektu-KOMPRAS-2048x1448.jpg 2048w\" sizes=\"auto, (max-width: 2560px) 100vw, 2560px\" \/><\/p>\n<p>&nbsp;<\/p>\n<p style=\"padding-left: 40px;\"><strong>Sa\u017eetak projekta<\/strong><\/p>\n<p style=\"padding-left: 40px; text-align: justify;\">Dosada\u0161nja istra\u017eivanja na Katedri za strane jezike (Husinec 2025 i 2010; Horvati\u0107-Bili\u0107\/Husinec, 2023, 2021), koja su uklju\u010divala ograni\u010den broj pravnika i vje\u017ebenike, pokazala su da se oni redovito susre\u0107u s komunikacijskim izazovima u vi\u0161ejezi\u010dnom i medukulturnom kontekstu. Ti se izazovi ne odnose primarno na njihovu razinu ovladanosti odre\u0111enim stranim jezikom, naj\u010de\u0161\u0107e engleskim i njema\u010dkim jezikom, ve\u0107 na specifi\u010dna znanja jezika struke, medukulturne aspekte komunikacije i komparativno-pravne elemente koji mogu utjecati na u\u010dinkovitu komunikaciju. Stoga je planirano istra\u017eivanje usmjereno na ispitivanje potreba imenovane ciljne skupine u navedena tri segmenta. Kako izuzetno intenzivne promjene u vidu globalizacije, internacionalizacije i digitalizacije utje\u010du na sve sfere dru\u0161tva i rada, potrebno je predvidjeti sada\u0161nji, ali i budu\u0107i razvoj te svakako ispitati segment komunikacije u digitalnom okru\u017eenju, uklju\u010duju\u0107i i ulogu umjetne inteligencije, koja zahtijeva osvje\u0161tavanje njezinih specifi\u010dnosti u profesionalnom okru\u017eenju i dodatne vje\u0161tine. Kombinacijom teorijskog i empirijskog istra\u017eivanja te kvantitativne i kvalitativne metode analize prikupljenih podataka planira se razraditi model komunikacijske kompetencije u pravnoj struci (M-KOMPRAS) koji bi objedinio elemente primijenjene lingvistike i komparativnog pravnih metoda. Dobiveni rezultat istra\u017eivanja i spomenuti model bit \u0107e podloga za pru\u017eanje potpore sustavu kroz ponudu programa cjelo\u017eivotnog obrazovanja, izradu prijedloga za modernizaciju kurikuluma nastave jezika pravne struke, diseminaciju predlo\u017eenog modela u podru\u010djima koja uklju\u010duju jezik struke (nefilolo\u0161ki i filolo\u0161ki fakulteti, strukovna udru\u017eenja, gospodarstvo).<\/p>\n","protected":false},"excerpt":{"rendered":"<p>&nbsp; Naziv projekta Komunikacijska kompetencija pravnih stru\u010dnjaka u vi\u0161ejezi\u010dnom okru\u017eenju&#8230;<\/p>\n","protected":false},"author":511,"featured_media":0,"parent":33665,"menu_order":0,"comment_status":"closed","ping_status":"closed","template":"","meta":{"footnotes":""},"class_list":["post-33668","page","type-page","status-publish","hentry"],"pp_force_visibility":null,"pp_subpost_visibility":null,"pp_inherited_force_visibility":null,"pp_inherited_subpost_visibility":null,"acf":[],"yoast_head":"<!-- This site is optimized with the Yoast SEO plugin v20.1 - https:\/\/yoast.com\/wordpress\/plugins\/seo\/ -->\n<title>Komunikacijska kompetencija pravnih stru\u010dnjaka u vi\u0161ejezi\u010dnom okru\u017eenju - KOMPRAS - Faculty of law<\/title>\n<meta name=\"robots\" content=\"index, follow, max-snippet:-1, max-image-preview:large, max-video-preview:-1\" \/>\n<link rel=\"canonical\" href=\"https:\/\/www.pravo.unizg.hr\/en\/kompras\/\" \/>\n<meta property=\"og:locale\" content=\"en_US\" \/>\n<meta property=\"og:type\" content=\"article\" \/>\n<meta property=\"og:title\" content=\"Komunikacijska kompetencija pravnih stru\u010dnjaka u vi\u0161ejezi\u010dnom okru\u017eenju - KOMPRAS - Faculty of law\" \/>\n<meta property=\"og:description\" content=\"&nbsp; Naziv projekta Komunikacijska kompetencija pravnih stru\u010dnjaka u vi\u0161ejezi\u010dnom okru\u017eenju...\" \/>\n<meta property=\"og:url\" content=\"https:\/\/www.pravo.unizg.hr\/en\/kompras\/\" \/>\n<meta property=\"og:site_name\" content=\"Faculty of law\" \/>\n<meta property=\"article:modified_time\" content=\"2026-04-02T08:13:28+00:00\" \/>\n<meta property=\"og:image\" content=\"https:\/\/www.pravo.unizg.hr\/wp-content\/uploads\/2025\/10\/next-generation-eu-300x72.png\" \/>\n<meta name=\"twitter:card\" content=\"summary_large_image\" \/>\n<meta name=\"twitter:label1\" content=\"Est. reading time\" \/>\n\t<meta name=\"twitter:data1\" content=\"2 minutes\" \/>\n<script type=\"application\/ld+json\" class=\"yoast-schema-graph\">{\"@context\":\"https:\/\/schema.org\",\"@graph\":[{\"@type\":\"WebPage\",\"@id\":\"https:\/\/www.pravo.unizg.hr\/en\/kompras\/\",\"url\":\"https:\/\/www.pravo.unizg.hr\/en\/kompras\/\",\"name\":\"Komunikacijska kompetencija pravnih stru\u010dnjaka u vi\u0161ejezi\u010dnom okru\u017eenju - KOMPRAS - Faculty of law\",\"isPartOf\":{\"@id\":\"https:\/\/www.pravo.unizg.hr\/#website\"},\"datePublished\":\"2025-10-20T09:51:49+00:00\",\"dateModified\":\"2026-04-02T08:13:28+00:00\",\"breadcrumb\":{\"@id\":\"https:\/\/www.pravo.unizg.hr\/en\/kompras\/#breadcrumb\"},\"inLanguage\":\"en-US\",\"potentialAction\":[{\"@type\":\"ReadAction\",\"target\":[\"https:\/\/www.pravo.unizg.hr\/en\/kompras\/\"]}]},{\"@type\":\"BreadcrumbList\",\"@id\":\"https:\/\/www.pravo.unizg.hr\/en\/kompras\/#breadcrumb\",\"itemListElement\":[{\"@type\":\"ListItem\",\"position\":1,\"name\":\"Homepage\",\"item\":\"https:\/\/www.pravo.unizg.hr\/en\/\"},{\"@type\":\"ListItem\",\"position\":2,\"name\":\"Projects\",\"item\":\"https:\/\/www.pravo.unizg.hr\/en\/projects\/\"},{\"@type\":\"ListItem\",\"position\":3,\"name\":\"Institucionalni istra\u017eiva\u010dki projekti\",\"item\":\"https:\/\/www.pravo.unizg.hr\/en\/projects\/institucionalni-istrazivacki-projekti\/\"},{\"@type\":\"ListItem\",\"position\":4,\"name\":\"Komunikacijska kompetencija pravnih stru\u010dnjaka u vi\u0161ejezi\u010dnom okru\u017eenju &#8211; KOMPRAS\"}]},{\"@type\":\"WebSite\",\"@id\":\"https:\/\/www.pravo.unizg.hr\/#website\",\"url\":\"https:\/\/www.pravo.unizg.hr\/\",\"name\":\"Faculty of law\",\"description\":\"\",\"potentialAction\":[{\"@type\":\"SearchAction\",\"target\":{\"@type\":\"EntryPoint\",\"urlTemplate\":\"https:\/\/www.pravo.unizg.hr\/?s={search_term_string}\"},\"query-input\":\"required name=search_term_string\"}],\"inLanguage\":\"en-US\"}]}<\/script>\n<!-- \/ Yoast SEO plugin. -->","yoast_head_json":{"title":"Komunikacijska kompetencija pravnih stru\u010dnjaka u vi\u0161ejezi\u010dnom okru\u017eenju - KOMPRAS - Faculty of law","robots":{"index":"index","follow":"follow","max-snippet":"max-snippet:-1","max-image-preview":"max-image-preview:large","max-video-preview":"max-video-preview:-1"},"canonical":"https:\/\/www.pravo.unizg.hr\/en\/kompras\/","og_locale":"en_US","og_type":"article","og_title":"Komunikacijska kompetencija pravnih stru\u010dnjaka u vi\u0161ejezi\u010dnom okru\u017eenju - KOMPRAS - Faculty of law","og_description":"&nbsp; Naziv projekta Komunikacijska kompetencija pravnih stru\u010dnjaka u vi\u0161ejezi\u010dnom okru\u017eenju...","og_url":"https:\/\/www.pravo.unizg.hr\/en\/kompras\/","og_site_name":"Faculty of law","article_modified_time":"2026-04-02T08:13:28+00:00","og_image":[{"url":"https:\/\/www.pravo.unizg.hr\/wp-content\/uploads\/2025\/10\/next-generation-eu-300x72.png"}],"twitter_card":"summary_large_image","twitter_misc":{"Est. reading time":"2 minutes"},"schema":{"@context":"https:\/\/schema.org","@graph":[{"@type":"WebPage","@id":"https:\/\/www.pravo.unizg.hr\/en\/kompras\/","url":"https:\/\/www.pravo.unizg.hr\/en\/kompras\/","name":"Komunikacijska kompetencija pravnih stru\u010dnjaka u vi\u0161ejezi\u010dnom okru\u017eenju - KOMPRAS - Faculty of law","isPartOf":{"@id":"https:\/\/www.pravo.unizg.hr\/#website"},"datePublished":"2025-10-20T09:51:49+00:00","dateModified":"2026-04-02T08:13:28+00:00","breadcrumb":{"@id":"https:\/\/www.pravo.unizg.hr\/en\/kompras\/#breadcrumb"},"inLanguage":"en-US","potentialAction":[{"@type":"ReadAction","target":["https:\/\/www.pravo.unizg.hr\/en\/kompras\/"]}]},{"@type":"BreadcrumbList","@id":"https:\/\/www.pravo.unizg.hr\/en\/kompras\/#breadcrumb","itemListElement":[{"@type":"ListItem","position":1,"name":"Homepage","item":"https:\/\/www.pravo.unizg.hr\/en\/"},{"@type":"ListItem","position":2,"name":"Projects","item":"https:\/\/www.pravo.unizg.hr\/en\/projects\/"},{"@type":"ListItem","position":3,"name":"Institucionalni istra\u017eiva\u010dki projekti","item":"https:\/\/www.pravo.unizg.hr\/en\/projects\/institucionalni-istrazivacki-projekti\/"},{"@type":"ListItem","position":4,"name":"Komunikacijska kompetencija pravnih stru\u010dnjaka u vi\u0161ejezi\u010dnom okru\u017eenju &#8211; KOMPRAS"}]},{"@type":"WebSite","@id":"https:\/\/www.pravo.unizg.hr\/#website","url":"https:\/\/www.pravo.unizg.hr\/","name":"Faculty of law","description":"","potentialAction":[{"@type":"SearchAction","target":{"@type":"EntryPoint","urlTemplate":"https:\/\/www.pravo.unizg.hr\/?s={search_term_string}"},"query-input":"required name=search_term_string"}],"inLanguage":"en-US"}]}},"_links":{"self":[{"href":"https:\/\/www.pravo.unizg.hr\/en\/wp-json\/wp\/v2\/pages\/33668","targetHints":{"allow":["GET"]}}],"collection":[{"href":"https:\/\/www.pravo.unizg.hr\/en\/wp-json\/wp\/v2\/pages"}],"about":[{"href":"https:\/\/www.pravo.unizg.hr\/en\/wp-json\/wp\/v2\/types\/page"}],"author":[{"embeddable":true,"href":"https:\/\/www.pravo.unizg.hr\/en\/wp-json\/wp\/v2\/users\/511"}],"replies":[{"embeddable":true,"href":"https:\/\/www.pravo.unizg.hr\/en\/wp-json\/wp\/v2\/comments?post=33668"}],"version-history":[{"count":7,"href":"https:\/\/www.pravo.unizg.hr\/en\/wp-json\/wp\/v2\/pages\/33668\/revisions"}],"predecessor-version":[{"id":33925,"href":"https:\/\/www.pravo.unizg.hr\/en\/wp-json\/wp\/v2\/pages\/33668\/revisions\/33925"}],"up":[{"embeddable":true,"href":"https:\/\/www.pravo.unizg.hr\/en\/wp-json\/wp\/v2\/pages\/33665"}],"wp:attachment":[{"href":"https:\/\/www.pravo.unizg.hr\/en\/wp-json\/wp\/v2\/media?parent=33668"}],"curies":[{"name":"wp","href":"https:\/\/api.w.org\/{rel}","templated":true}]}}

Komunikacijska kompetencija pravnih stručnjaka u višejezičnom okruženju &#8211; KOMPRAS

<p style="padding-left: 480px;"><img loading="lazy" decoding="async" class="size-medium wp-image-28800 alignright" src="https://www.pravo.unizg.hr/wp-content/uploads/2025/10/next-generation-eu-300x72.png" alt="" width="300" height="72" srcset="https://www.pravo.unizg.hr/wp-content/uploads/2025/10/next-generation-eu-300x72.png 300w, https://www.pravo.unizg.hr/wp-content/uploads/2025/10/next-generation-eu-768x184.png 768w, https://www.pravo.unizg.hr/wp-content/uploads/2025/10/next-generation-eu.png 1020w" sizes="auto, (max-width: 300px) 100vw, 300px" /></p>
<p>&nbsp;</p>
<p><span style="color: #8b0b05;"><span style="color: #000000;">Naziv projekta</span><strong><br />
Komunikacijska kompetencija pravnih stručnjaka u višejezičnom okruženju<br />
</strong></span></p>
<p style="padding-left: 40px;">Akronim<br />
<strong>KOMPRAS</strong></p>
<p style="padding-left: 40px;">Trajanje projekta<br />
<strong>48 mjeseci</strong></p>
<p style="padding-left: 40px;">Voditeljica projekta<br />
<strong>doc. dr. sc. Snježana Husinec</strong></p>
<p style="padding-left: 40px;">Članice/članovi istraživačkog tima<br />
<strong>doc. dr. sc Irena Horvatić Bilić<br />
</strong>Katedra za strane jezike, Pravni fakultet Sveučilišta u Zagrebu<strong><br />
dr. sc. Agnes Milovan Solter<br />
</strong>Katedra za strane jezike, Pravni fakultet Sveučilišta u Zagrebu<strong><br />
izv prof. dr. sc. Marta Dragičević Prtenjača</strong>,<br />
Katedra za k<span style="font-weight: 400;">azneno pravo</span>, Pravni fakultet Sveučilišta u Zagrebu<br />
<strong>dr. sc. Juraj Brozović</strong>,<br />
Katedra za g<span style="font-weight: 400;">rađansko procesno pravo</span>, Pravni fakultet Sveučilišta u Zagrebu<strong><br />
prof. dr. sc. Jan Engberg</strong>,<br />
School of Communication and Culture, Aarhus University, Danska<br />
<strong>dr. sc. Oliver Winkler</strong>,<br />
Zürcher Schule für Angewandte Wissenschaften, Švicarska<br />
<strong>prof. dr. sc Stanislaw Gozdz Roskowski</strong>,<br />
Filološki fakultet, Sveučilište u Lodzu, Poljska<br />
<strong>Pavla Ribić<br />
Tomislava Barišić</strong></p>
<p>&nbsp;</p>
<p><strong>INTERNATIONAL NETWORK OF INSTITUTIONS IN THE KOMPRAS PROJECT</strong></p>
<p><img loading="lazy" decoding="async" class="aligncenter size-full wp-image-33757" src="https://www.pravo.unizg.hr/wp-content/uploads/2026/03/Mreza-institucija-u-projektu-KOMPRAS-scaled.jpg" alt="" width="2560" height="1810" srcset="https://www.pravo.unizg.hr/wp-content/uploads/2026/03/Mreza-institucija-u-projektu-KOMPRAS-scaled.jpg 2560w, https://www.pravo.unizg.hr/wp-content/uploads/2026/03/Mreza-institucija-u-projektu-KOMPRAS-300x212.jpg 300w, https://www.pravo.unizg.hr/wp-content/uploads/2026/03/Mreza-institucija-u-projektu-KOMPRAS-1024x724.jpg 1024w, https://www.pravo.unizg.hr/wp-content/uploads/2026/03/Mreza-institucija-u-projektu-KOMPRAS-768x543.jpg 768w, https://www.pravo.unizg.hr/wp-content/uploads/2026/03/Mreza-institucija-u-projektu-KOMPRAS-1536x1086.jpg 1536w, https://www.pravo.unizg.hr/wp-content/uploads/2026/03/Mreza-institucija-u-projektu-KOMPRAS-2048x1448.jpg 2048w" sizes="auto, (max-width: 2560px) 100vw, 2560px" /></p>
<p>&nbsp;</p>
<p style="padding-left: 40px;"><strong>Sažetak projekta</strong></p>
<p style="padding-left: 40px; text-align: justify;">Dosadašnja istraživanja na Katedri za strane jezike (Husinec 2025 i 2010; Horvatić-Bilić/Husinec, 2023, 2021), koja su uključivala ograničen broj pravnika i vježbenike, pokazala su da se oni redovito susreću s komunikacijskim izazovima u višejezičnom i medukulturnom kontekstu. Ti se izazovi ne odnose primarno na njihovu razinu ovladanosti određenim stranim jezikom, najčešće engleskim i njemačkim jezikom, već na specifična znanja jezika struke, medukulturne aspekte komunikacije i komparativno-pravne elemente koji mogu utjecati na učinkovitu komunikaciju. Stoga je planirano istraživanje usmjereno na ispitivanje potreba imenovane ciljne skupine u navedena tri segmenta. Kako izuzetno intenzivne promjene u vidu globalizacije, internacionalizacije i digitalizacije utječu na sve sfere društva i rada, potrebno je predvidjeti sadašnji, ali i budući razvoj te svakako ispitati segment komunikacije u digitalnom okruženju, uključujući i ulogu umjetne inteligencije, koja zahtijeva osvještavanje njezinih specifičnosti u profesionalnom okruženju i dodatne vještine. Kombinacijom teorijskog i empirijskog istraživanja te kvantitativne i kvalitativne metode analize prikupljenih podataka planira se razraditi model komunikacijske kompetencije u pravnoj struci (M-KOMPRAS) koji bi objedinio elemente primijenjene lingvistike i komparativnog pravnih metoda. Dobiveni rezultat istraživanja i spomenuti model bit će podloga za pružanje potpore sustavu kroz ponudu programa cjeloživotnog obrazovanja, izradu prijedloga za modernizaciju kurikuluma nastave jezika pravne struke, diseminaciju predloženog modela u područjima koja uključuju jezik struke (nefilološki i filološki fakulteti, strukovna udruženja, gospodarstvo).</p>

<p>&nbsp; Naziv projekta Komunikacijska kompetencija pravnih stručnjaka u višejezičnom okruženju&#8230;</p>

<!-- This site is optimized with the Yoast SEO plugin v20.1 - https://yoast.com/wordpress/plugins/seo/ -->
<title>Komunikacijska kompetencija pravnih stručnjaka u višejezičnom okruženju - KOMPRAS - Faculty of law</title>
<meta name="robots" content="index, follow, max-snippet:-1, max-image-preview:large, max-video-preview:-1" />
<link rel="canonical" href="https://www.pravo.unizg.hr/en/kompras/" />
<meta property="og:locale" content="en_US" />
<meta property="og:type" content="article" />
<meta property="og:title" content="Komunikacijska kompetencija pravnih stručnjaka u višejezičnom okruženju - KOMPRAS - Faculty of law" />
<meta property="og:description" content="&nbsp; Naziv projekta Komunikacijska kompetencija pravnih stručnjaka u višejezičnom okruženju..." />
<meta property="og:url" content="https://www.pravo.unizg.hr/en/kompras/" />
<meta property="og:site_name" content="Faculty of law" />
<meta property="article:modified_time" content="2026-04-02T08:13:28+00:00" />
<meta property="og:image" content="https://www.pravo.unizg.hr/wp-content/uploads/2025/10/next-generation-eu-300x72.png" />
<meta name="twitter:card" content="summary_large_image" />
<meta name="twitter:label1" content="Est. reading time" />
	<meta name="twitter:data1" content="2 minutes" />
<script type="application/ld+json" class="yoast-schema-graph">{"@context":"https://schema.org","@graph":[{"@type":"WebPage","@id":"https://www.pravo.unizg.hr/en/kompras/","url":"https://www.pravo.unizg.hr/en/kompras/","name":"Komunikacijska kompetencija pravnih stručnjaka u višejezičnom okruženju - KOMPRAS - Faculty of law","isPartOf":{"@id":"https://www.pravo.unizg.hr/#website"},"datePublished":"2025-10-20T09:51:49+00:00","dateModified":"2026-04-02T08:13:28+00:00","breadcrumb":{"@id":"https://www.pravo.unizg.hr/en/kompras/#breadcrumb"},"inLanguage":"en-US","potentialAction":[{"@type":"ReadAction","target":["https://www.pravo.unizg.hr/en/kompras/"]}]},{"@type":"BreadcrumbList","@id":"https://www.pravo.unizg.hr/en/kompras/#breadcrumb","itemListElement":[{"@type":"ListItem","position":1,"name":"Homepage","item":"https://www.pravo.unizg.hr/en/"},{"@type":"ListItem","position":2,"name":"Projects","item":"https://www.pravo.unizg.hr/en/projects/"},{"@type":"ListItem","position":3,"name":"Institucionalni istraživački projekti","item":"https://www.pravo.unizg.hr/en/projects/institucionalni-istrazivacki-projekti/"},{"@type":"ListItem","position":4,"name":"Komunikacijska kompetencija pravnih stručnjaka u višejezičnom okruženju &#8211; KOMPRAS"}]},{"@type":"WebSite","@id":"https://www.pravo.unizg.hr/#website","url":"https://www.pravo.unizg.hr/","name":"Faculty of law","description":"","potentialAction":[{"@type":"SearchAction","target":{"@type":"EntryPoint","urlTemplate":"https://www.pravo.unizg.hr/?s={search_term_string}"},"query-input":"required name=search_term_string"}],"inLanguage":"en-US"}]}</script>
<!-- / Yoast SEO plugin. -->

Komunikacijska kompetencija pravnih stručnjaka u višejezičnom okruženju - KOMPRAS - Faculty of law

&nbsp; Naziv projekta Komunikacijska kompetencija pravnih stručnjaka u višejezičnom okruženju...

Institucionalni istraživački projekti
