{"id":3019,"date":"2023-02-23T10:43:14","date_gmt":"2023-02-23T09:43:14","guid":{"rendered":"https:\/\/www.pravo.unizg.hr\/?page_id=3019"},"modified":"2026-01-23T14:36:53","modified_gmt":"2026-01-23T13:36:53","slug":"psihosocijalni-pristup-u-socijalnom-radu","status":"publish","type":"page","link":"https:\/\/www.pravo.unizg.hr\/en\/studiji\/sveucilisni-specijalisticki-studiji\/sveucilisni-specijalisticki-studiji-socijalnog-rada\/psihosocijalni-pristup-u-socijalnom-radu\/","title":{"rendered":"Psihosocijalni pristup u socijalnom radu"},"content":{"rendered":"","protected":false},"excerpt":{"rendered":"","protected":false},"author":511,"featured_media":0,"parent":661,"menu_order":0,"comment_status":"closed","ping_status":"closed","template":"","meta":{"footnotes":""},"class_list":["post-3019","page","type-page","status-publish","hentry"],"pp_force_visibility":null,"pp_subpost_visibility":null,"pp_inherited_force_visibility":null,"pp_inherited_subpost_visibility":null,"acf":[],"yoast_head":"<!-- This site is optimized with the Yoast SEO plugin v20.1 - https:\/\/yoast.com\/wordpress\/plugins\/seo\/ -->\n<title>Psihosocijalni pristup u socijalnom radu - Faculty of law<\/title>\n<meta name=\"robots\" content=\"index, follow, max-snippet:-1, max-image-preview:large, max-video-preview:-1\" \/>\n<link rel=\"canonical\" href=\"https:\/\/www.pravo.unizg.hr\/studiji\/sveucilisni-specijalisticki-studiji\/sveucilisni-specijalisticki-studiji-socijalnog-rada\/psihosocijalni-pristup-u-socijalnom-radu\/\" \/>\n<meta property=\"og:locale\" content=\"en_US\" \/>\n<meta property=\"og:type\" content=\"article\" \/>\n<meta property=\"og:title\" content=\"Psihosocijalni pristup u socijalnom radu - Faculty of law\" \/>\n<meta property=\"og:url\" content=\"https:\/\/www.pravo.unizg.hr\/studiji\/sveucilisni-specijalisticki-studiji\/sveucilisni-specijalisticki-studiji-socijalnog-rada\/psihosocijalni-pristup-u-socijalnom-radu\/\" \/>\n<meta property=\"og:site_name\" content=\"Faculty of law\" \/>\n<meta property=\"article:modified_time\" content=\"2026-01-23T13:36:53+00:00\" \/>\n<meta name=\"twitter:card\" content=\"summary_large_image\" \/>\n<meta name=\"twitter:label1\" content=\"Est. reading time\" \/>\n\t<meta name=\"twitter:data1\" content=\"1 minute\" \/>\n<script type=\"application\/ld+json\" class=\"yoast-schema-graph\">{\"@context\":\"https:\/\/schema.org\",\"@graph\":[{\"@type\":\"WebPage\",\"@id\":\"https:\/\/www.pravo.unizg.hr\/studiji\/sveucilisni-specijalisticki-studiji\/sveucilisni-specijalisticki-studiji-socijalnog-rada\/psihosocijalni-pristup-u-socijalnom-radu\/\",\"url\":\"https:\/\/www.pravo.unizg.hr\/studiji\/sveucilisni-specijalisticki-studiji\/sveucilisni-specijalisticki-studiji-socijalnog-rada\/psihosocijalni-pristup-u-socijalnom-radu\/\",\"name\":\"Psihosocijalni pristup u socijalnom radu - Faculty of law\",\"isPartOf\":{\"@id\":\"https:\/\/www.pravo.unizg.hr\/#website\"},\"datePublished\":\"2023-02-23T09:43:14+00:00\",\"dateModified\":\"2026-01-23T13:36:53+00:00\",\"breadcrumb\":{\"@id\":\"https:\/\/www.pravo.unizg.hr\/studiji\/sveucilisni-specijalisticki-studiji\/sveucilisni-specijalisticki-studiji-socijalnog-rada\/psihosocijalni-pristup-u-socijalnom-radu\/#breadcrumb\"},\"inLanguage\":\"en-US\",\"potentialAction\":[{\"@type\":\"ReadAction\",\"target\":[\"https:\/\/www.pravo.unizg.hr\/studiji\/sveucilisni-specijalisticki-studiji\/sveucilisni-specijalisticki-studiji-socijalnog-rada\/psihosocijalni-pristup-u-socijalnom-radu\/\"]}]},{\"@type\":\"BreadcrumbList\",\"@id\":\"https:\/\/www.pravo.unizg.hr\/studiji\/sveucilisni-specijalisticki-studiji\/sveucilisni-specijalisticki-studiji-socijalnog-rada\/psihosocijalni-pristup-u-socijalnom-radu\/#breadcrumb\",\"itemListElement\":[{\"@type\":\"ListItem\",\"position\":1,\"name\":\"Homepage\",\"item\":\"https:\/\/www.pravo.unizg.hr\/en\/\"},{\"@type\":\"ListItem\",\"position\":2,\"name\":\"Studiji\",\"item\":\"https:\/\/www.pravo.unizg.hr\/studiji\/\"},{\"@type\":\"ListItem\",\"position\":3,\"name\":\"Sveu\u010dili\u0161ni specijalisti\u010dki studiji\",\"item\":\"https:\/\/www.pravo.unizg.hr\/studiji\/sveucilisni-specijalisticki-studiji\/\"},{\"@type\":\"ListItem\",\"position\":4,\"name\":\"Sveu\u010dili\u0161ni specijalisti\u010dki studiji socijalnog rada\",\"item\":\"https:\/\/www.pravo.unizg.hr\/studiji\/sveucilisni-specijalisticki-studiji\/sveucilisni-specijalisticki-studiji-socijalnog-rada\/\"},{\"@type\":\"ListItem\",\"position\":5,\"name\":\"Psihosocijalni pristup u socijalnom radu\"}]},{\"@type\":\"WebSite\",\"@id\":\"https:\/\/www.pravo.unizg.hr\/#website\",\"url\":\"https:\/\/www.pravo.unizg.hr\/\",\"name\":\"Faculty of law\",\"description\":\"\",\"potentialAction\":[{\"@type\":\"SearchAction\",\"target\":{\"@type\":\"EntryPoint\",\"urlTemplate\":\"https:\/\/www.pravo.unizg.hr\/?s={search_term_string}\"},\"query-input\":\"required name=search_term_string\"}],\"inLanguage\":\"en-US\"}]}<\/script>\n<!-- \/ Yoast SEO plugin. -->","yoast_head_json":{"title":"Psihosocijalni pristup u socijalnom radu - Faculty of law","robots":{"index":"index","follow":"follow","max-snippet":"max-snippet:-1","max-image-preview":"max-image-preview:large","max-video-preview":"max-video-preview:-1"},"canonical":"https:\/\/www.pravo.unizg.hr\/studiji\/sveucilisni-specijalisticki-studiji\/sveucilisni-specijalisticki-studiji-socijalnog-rada\/psihosocijalni-pristup-u-socijalnom-radu\/","og_locale":"en_US","og_type":"article","og_title":"Psihosocijalni pristup u socijalnom radu - Faculty of law","og_url":"https:\/\/www.pravo.unizg.hr\/studiji\/sveucilisni-specijalisticki-studiji\/sveucilisni-specijalisticki-studiji-socijalnog-rada\/psihosocijalni-pristup-u-socijalnom-radu\/","og_site_name":"Faculty of law","article_modified_time":"2026-01-23T13:36:53+00:00","twitter_card":"summary_large_image","twitter_misc":{"Est. reading time":"1 minute"},"schema":{"@context":"https:\/\/schema.org","@graph":[{"@type":"WebPage","@id":"https:\/\/www.pravo.unizg.hr\/studiji\/sveucilisni-specijalisticki-studiji\/sveucilisni-specijalisticki-studiji-socijalnog-rada\/psihosocijalni-pristup-u-socijalnom-radu\/","url":"https:\/\/www.pravo.unizg.hr\/studiji\/sveucilisni-specijalisticki-studiji\/sveucilisni-specijalisticki-studiji-socijalnog-rada\/psihosocijalni-pristup-u-socijalnom-radu\/","name":"Psihosocijalni pristup u socijalnom radu - Faculty of law","isPartOf":{"@id":"https:\/\/www.pravo.unizg.hr\/#website"},"datePublished":"2023-02-23T09:43:14+00:00","dateModified":"2026-01-23T13:36:53+00:00","breadcrumb":{"@id":"https:\/\/www.pravo.unizg.hr\/studiji\/sveucilisni-specijalisticki-studiji\/sveucilisni-specijalisticki-studiji-socijalnog-rada\/psihosocijalni-pristup-u-socijalnom-radu\/#breadcrumb"},"inLanguage":"en-US","potentialAction":[{"@type":"ReadAction","target":["https:\/\/www.pravo.unizg.hr\/studiji\/sveucilisni-specijalisticki-studiji\/sveucilisni-specijalisticki-studiji-socijalnog-rada\/psihosocijalni-pristup-u-socijalnom-radu\/"]}]},{"@type":"BreadcrumbList","@id":"https:\/\/www.pravo.unizg.hr\/studiji\/sveucilisni-specijalisticki-studiji\/sveucilisni-specijalisticki-studiji-socijalnog-rada\/psihosocijalni-pristup-u-socijalnom-radu\/#breadcrumb","itemListElement":[{"@type":"ListItem","position":1,"name":"Homepage","item":"https:\/\/www.pravo.unizg.hr\/en\/"},{"@type":"ListItem","position":2,"name":"Studiji","item":"https:\/\/www.pravo.unizg.hr\/studiji\/"},{"@type":"ListItem","position":3,"name":"Sveu\u010dili\u0161ni specijalisti\u010dki studiji","item":"https:\/\/www.pravo.unizg.hr\/studiji\/sveucilisni-specijalisticki-studiji\/"},{"@type":"ListItem","position":4,"name":"Sveu\u010dili\u0161ni specijalisti\u010dki studiji socijalnog rada","item":"https:\/\/www.pravo.unizg.hr\/studiji\/sveucilisni-specijalisticki-studiji\/sveucilisni-specijalisticki-studiji-socijalnog-rada\/"},{"@type":"ListItem","position":5,"name":"Psihosocijalni pristup u socijalnom radu"}]},{"@type":"WebSite","@id":"https:\/\/www.pravo.unizg.hr\/#website","url":"https:\/\/www.pravo.unizg.hr\/","name":"Faculty of law","description":"","potentialAction":[{"@type":"SearchAction","target":{"@type":"EntryPoint","urlTemplate":"https:\/\/www.pravo.unizg.hr\/?s={search_term_string}"},"query-input":"required name=search_term_string"}],"inLanguage":"en-US"}]}},"_links":{"self":[{"href":"https:\/\/www.pravo.unizg.hr\/en\/wp-json\/wp\/v2\/pages\/3019","targetHints":{"allow":["GET"]}}],"collection":[{"href":"https:\/\/www.pravo.unizg.hr\/en\/wp-json\/wp\/v2\/pages"}],"about":[{"href":"https:\/\/www.pravo.unizg.hr\/en\/wp-json\/wp\/v2\/types\/page"}],"author":[{"embeddable":true,"href":"https:\/\/www.pravo.unizg.hr\/en\/wp-json\/wp\/v2\/users\/511"}],"replies":[{"embeddable":true,"href":"https:\/\/www.pravo.unizg.hr\/en\/wp-json\/wp\/v2\/comments?post=3019"}],"version-history":[{"count":70,"href":"https:\/\/www.pravo.unizg.hr\/en\/wp-json\/wp\/v2\/pages\/3019\/revisions"}],"predecessor-version":[{"id":32465,"href":"https:\/\/www.pravo.unizg.hr\/en\/wp-json\/wp\/v2\/pages\/3019\/revisions\/32465"}],"up":[{"embeddable":true,"href":"https:\/\/www.pravo.unizg.hr\/en\/wp-json\/wp\/v2\/pages\/661"}],"wp:attachment":[{"href":"https:\/\/www.pravo.unizg.hr\/en\/wp-json\/wp\/v2\/media?parent=3019"}],"curies":[{"name":"wp","href":"https:\/\/api.w.org\/{rel}","templated":true}]}}

<!-- This site is optimized with the Yoast SEO plugin v20.1 - https://yoast.com/wordpress/plugins/seo/ -->
<title>Psihosocijalni pristup u socijalnom radu - Faculty of law</title>
<meta name="robots" content="index, follow, max-snippet:-1, max-image-preview:large, max-video-preview:-1" />
<link rel="canonical" href="https://www.pravo.unizg.hr/studiji/sveucilisni-specijalisticki-studiji/sveucilisni-specijalisticki-studiji-socijalnog-rada/psihosocijalni-pristup-u-socijalnom-radu/" />
<meta property="og:locale" content="en_US" />
<meta property="og:type" content="article" />
<meta property="og:title" content="Psihosocijalni pristup u socijalnom radu - Faculty of law" />
<meta property="og:url" content="https://www.pravo.unizg.hr/studiji/sveucilisni-specijalisticki-studiji/sveucilisni-specijalisticki-studiji-socijalnog-rada/psihosocijalni-pristup-u-socijalnom-radu/" />
<meta property="og:site_name" content="Faculty of law" />
<meta property="article:modified_time" content="2026-01-23T13:36:53+00:00" />
<meta name="twitter:card" content="summary_large_image" />
<meta name="twitter:label1" content="Est. reading time" />
	<meta name="twitter:data1" content="1 minute" />
<script type="application/ld+json" class="yoast-schema-graph">{"@context":"https://schema.org","@graph":[{"@type":"WebPage","@id":"https://www.pravo.unizg.hr/studiji/sveucilisni-specijalisticki-studiji/sveucilisni-specijalisticki-studiji-socijalnog-rada/psihosocijalni-pristup-u-socijalnom-radu/","url":"https://www.pravo.unizg.hr/studiji/sveucilisni-specijalisticki-studiji/sveucilisni-specijalisticki-studiji-socijalnog-rada/psihosocijalni-pristup-u-socijalnom-radu/","name":"Psihosocijalni pristup u socijalnom radu - Faculty of law","isPartOf":{"@id":"https://www.pravo.unizg.hr/#website"},"datePublished":"2023-02-23T09:43:14+00:00","dateModified":"2026-01-23T13:36:53+00:00","breadcrumb":{"@id":"https://www.pravo.unizg.hr/studiji/sveucilisni-specijalisticki-studiji/sveucilisni-specijalisticki-studiji-socijalnog-rada/psihosocijalni-pristup-u-socijalnom-radu/#breadcrumb"},"inLanguage":"en-US","potentialAction":[{"@type":"ReadAction","target":["https://www.pravo.unizg.hr/studiji/sveucilisni-specijalisticki-studiji/sveucilisni-specijalisticki-studiji-socijalnog-rada/psihosocijalni-pristup-u-socijalnom-radu/"]}]},{"@type":"BreadcrumbList","@id":"https://www.pravo.unizg.hr/studiji/sveucilisni-specijalisticki-studiji/sveucilisni-specijalisticki-studiji-socijalnog-rada/psihosocijalni-pristup-u-socijalnom-radu/#breadcrumb","itemListElement":[{"@type":"ListItem","position":1,"name":"Homepage","item":"https://www.pravo.unizg.hr/en/"},{"@type":"ListItem","position":2,"name":"Studiji","item":"https://www.pravo.unizg.hr/studiji/"},{"@type":"ListItem","position":3,"name":"Sveučilišni specijalistički studiji","item":"https://www.pravo.unizg.hr/studiji/sveucilisni-specijalisticki-studiji/"},{"@type":"ListItem","position":4,"name":"Sveučilišni specijalistički studiji socijalnog rada","item":"https://www.pravo.unizg.hr/studiji/sveucilisni-specijalisticki-studiji/sveucilisni-specijalisticki-studiji-socijalnog-rada/"},{"@type":"ListItem","position":5,"name":"Psihosocijalni pristup u socijalnom radu"}]},{"@type":"WebSite","@id":"https://www.pravo.unizg.hr/#website","url":"https://www.pravo.unizg.hr/","name":"Faculty of law","description":"","potentialAction":[{"@type":"SearchAction","target":{"@type":"EntryPoint","urlTemplate":"https://www.pravo.unizg.hr/?s={search_term_string}"},"query-input":"required name=search_term_string"}],"inLanguage":"en-US"}]}</script>
<!-- / Yoast SEO plugin. -->

Sveučilišni specijalistički studiji

Sveučilišni specijalistički studiji socijalnog rada
